+ 68, -b - 204 = -2*u. What is the hundreds digit of u?
1
What is the ten thousands digit of (1 + 85126)*(-2)/(-14)?
1
Suppose 153*j - 133*j = 536500. What is the hundreds digit of j?
8
Let k be 7*(9/(-27))/((-1)/(-3)). Let f be (-1818)/k + (-8)/(-28). Suppose -f = 10*p - 1320. What is the units digit of p?
6
Let q = -602 + 607. Let a = 15 - 9. Suppose k - 5*y = -y - a, 5*k - q*y = 0. What is the units digit of k?
2
Let w be (-650)/(-13)*(-2)/5*-6. Let m = 81 - w. Let g = 78 + m. What is the tens digit of g?
3
Suppose -j = -3*o - 4791, 4*o + 19891 = 4*j + 775. What is the units digit of j?
3
Suppose -3*a - 95 = 5*l, -a - 4*l = 27 - 0. Let y = -771 + 1071. Let c = a + y. What is the hundreds digit of c?
2
Let i = -288 - -68. Let w = 320 + i. Suppose k = -2*v + w, -5*v + 3*k + 261 = -0*k. What is the tens digit of v?
5
Suppose 0 = 38*p - 33*p - 10. Let j(r) = -11 - 4*r - 94*r**2 + 95*r**p + 37. What is the units digit of j(8)?
8
Suppose 25*f = 15*f + 19290. Suppose -21*i - f = -12744. What is the units digit of i?
5
Let o = -1290 - -280. Let r = o + 3001. What is the hundreds digit of r?
9
Suppose -2222*r + 2217*r = -123940. What is the units digit of r?
8
Let z(u) = 27*u - 210. Let o be z(8). Suppose o*y - 455 - 1867 = 0. What is the tens digit of y?
8
Suppose 4*o - 13*o + 108 = 0. Let y(c) = 49*c + 39. What is the units digit of y(o)?
7
Let h(p) = 830*p**2 - 38 + 4*p + 832*p**2 - 1642*p**2. What is the units digit of h(6)?
6
What is the hundreds digit of (-22)/264 - (-343060)/48?
1
Suppose -c + o = 7, -c + 29 = -4*c + o. What is the units digit of -1 - (11/c)/(1/50)?
9
Let w be 13/52 + ((-1731)/(-4) - 2). Suppose 0 = -5*l + w + 479. What is the hundreds digit of l?
1
Suppose 164*z = 167*z - 63. What is the tens digit of z/7 - 8 - -1*1049?
4
Suppose -o - 23 = f - 9, 0 = o - 4*f + 19. Let g be (-8 + 0)*(-3)/(o/(-50)). Let l = g - 22. What is the tens digit of l?
5
Let g = -5486 + 16164. What is the hundreds digit of g?
6
Suppose -m = -2*g - 15, -4*g - 18 - 13 = -3*m. Let d(z) = -z**3 - 7*z**2 - 2*z - 4. What is the units digit of d(g)?
0
Suppose 0 = -u - 176 + 184. Suppose -3*x = 5*q - 1924, -u*x + 392 = q - 5*x. What is the tens digit of q?
8
Let o(x) = x**3 + 5*x**2 - 7*x. Let z be ((-3)/9)/(2*(-1)/(-42)). Let m = z + 4. What is the units digit of o(m)?
9
Let g(y) = 135 + 3*y**2 + 3*y**2 + 6*y - 181. What is the tens digit of g(10)?
1
Let l(g) = 2*g**3 - 2*g**2 + 3*g - 4. Let u be l(7). Suppose 3*s + 585 = a, -a + 2*s - 3*s = -u. What is the units digit of a?
0
Suppose v = -3*z + 1661, 1112 = 2*z - 57*v + 60*v. What is the tens digit of z?
5
Let l(y) = -26*y**3 - 15*y**2 - 13*y - 42. What is the hundreds digit of l(-7)?
2
Let f(h) = -218*h**3 + 8*h**2 + 56*h - 25. What is the ten thousands digit of f(-5)?
2
Let v(g) = g - 2. Let m(w) = 31*w**2 + 3*w - 22. Let j(y) = m(y) + 3*v(y). What is the units digit of j(3)?
9
Let x = 23 + -19. Suppose 2*p = -x*t + 678, -4*p + p = -4*t + 673. Suppose 0 = 3*s + 2*c - t, 5*s + 3*c - 284 = 2*c. What is the units digit of s?
7
Let g = 70895 + -18293. What is the ten thousands digit of g?
5
Suppose -w + j - 1240 = 0, -6*w + 3716 = -9*w + 5*j. What is the units digit of w/(-4) + -2 + (-9)/(-6)?
0
Let s = 43546 - 23906. What is the hundreds digit of s?
6
Suppose -f - 3 = 7. Let u be 3/6*-1*f. Suppose u*m + 70 = 7*m. What is the units digit of m?
5
Let c(q) = -3*q**2 + 99*q + 43. Let g be c(33). Suppose g*z = 54*z - 2717. What is the hundreds digit of z?
2
Let s = -1203 - -1207. Let f be (-357)/(-2) + 1/2. Suppose 0 = -2*k - 2*z + 7*z + f, -5*z + 373 = s*k. What is the tens digit of k?
9
Let y = -440 - -900. Let v(g) = g**3 + 7*g**2 - 18*g + 2. Let h be v(-9). Suppose y = h*k + 3*k. What is the units digit of k?
2
Suppose 5*h - 471 = -145*y + 143*y, 3*y - 2*h = 754. What is the hundreds digit of y?
2
Suppose 373 - 377 = -2*p. Suppose -t + 627 = -p*x, -4*x + 1851 = -37*t + 40*t. What is the tens digit of t?
2
Suppose -5*r + 3*r + 4*f + 586 = 0, f + 1456 = 5*r. Suppose -r*n + 1117 = -290*n. What is the hundreds digit of n?
1
Suppose -257*y + 268*y - 51161 = 0. What is the thousands digit of y?
4
Suppose 0*l - l = 2*l. Let v be 4/(-3)*(-12)/8. Suppose v*n + 0*n = r + 129, l = -r - 5. What is the units digit of n?
2
Let c(h) = -122*h + 0 + 30 - 9. What is the tens digit of c(-4)?
0
Suppose 0 = -136*v + 1293998 + 428046 - 30068. What is the tens digit of v?
4
Let m(f) be the first derivative of 14*f**2 - 172*f - 75. What is the hundreds digit of m(17)?
3
Let z(q) = -q + 2*q + q**2 - 25 - 4*q + q**2. What is the units digit of z(8)?
9
Suppose -5*c = -0*r + 3*r - 266, -2*c - r = -106. Suppose 8*l - 10*l + c = 0. What is the units digit of l?
6
Let b = -6588 - -18578. What is the tens digit of b?
9
Let p = -71214 + 136195. What is the tens digit of p?
8
Suppose 2*x = -n - 14, 5*n = n + 4*x - 116. Let b = n - -24. Suppose 2*v = -c + 175, v - 2*c + 0*c - 75 = b. What is the tens digit of v?
8
Let z be 16/12*((-1)/(-2) + -2). What is the tens digit of -582*z/4*(15 - 14)?
9
Let j be (-1 + -1 - -2) + (-47 - -38). What is the tens digit of j/5*18025/(-105)?
0
Let s(z) be the first derivative of 7*z**3/3 - 5*z**2 - 9*z + 10. What is the hundreds digit of s(-6)?
3
Let t(o) = -o**3 + 4*o**2 + 5. Let j be t(5). Let x be ((-20)/(-8))/((-1)/j). Suppose 3*s - 5*s = -x. What is the units digit of s?
5
Let c = 1107 - -574. What is the units digit of c?
1
Let f = 309 - -10937. What is the hundreds digit of f?
2
Let t(u) = -u**2 - 14*u + 2. Let g be t(-14). Suppose -p - g*i = -26, -8*i - 5 = -3*i. Suppose 3*l - p = 4*c, 2*c = 2*l - c - 20. What is the units digit of l?
4
Let i(x) be the second derivative of -x**5/10 - x**4/3 - 7*x**3/3 - 13*x**2/2 - 42*x - 2. What is the tens digit of i(-3)?
4
Suppose -5*y + 14*y = 45. Suppose -2*o + 67 = -3*z, 0 = 9*o - 11*o + y*z + 61. What is the tens digit of o?
3
Let a = 22807 - 15561. What is the tens digit of a?
4
Let a be ((-117)/52)/((-3)/(-8)). Let w be 36/(0 - -6)*(-148)/a. What is the units digit of (0 - 2)/((-8)/w)?
7
Suppose 41349 = 3*j + 3*y, -64 = 5*y - 99. What is the ten thousands digit of j?
1
What is the thousands digit of (-20)/35 + (-587323)/(-231)*3?
7
Suppose 2*c - 9837 = -3*y - c, 3*y - 2*c - 9842 = 0. Suppose 46*l - y = 41*l. What is the tens digit of l?
5
Let v be 2/(-14) + (-238185)/(-315). Suppose -22 - 3 = -5*z. Suppose z*w - v = -181. What is the tens digit of w?
1
Let b(p) = 4*p**3 + 4*p**2 - 4*p + 2. Let v be b(9). Let u be v/12 - (3 - 17/6). Suppose -4*o + 165 + u = 0. What is the hundreds digit of o?
1
Let f = 74 + 216. Let l be ((-7)/(-6)*-2 - -3)*-9. What is the tens digit of (4 + l)*-1 + f?
9
What is the units digit of (-81 - 103)*79/(-2)?
8
Let w be (-3)/54*-6 + (-490)/(-6). Suppose i - w = -v, 5*v - 6 = -3*i + 234. What is the tens digit of i?
8
Let m(g) = g + g**3 + 402*g**2 - 2*g**3 - 3 + 0*g - 397*g**2 + 0*g**3. Let k = -1 + -2. What is the units digit of m(k)?
6
Let z(p) = -229*p + 13. Suppose u - j = 4*u + 9, 3 = j. What is the hundreds digit of z(u)?
9
Let g be (-1 - -96)/((-3 - 1)/20). Let x = -292 - g. What is the tens digit of x?
8
What is the hundreds digit of 28/(((-112)/(-19236))/((-4)/(-3)))?
4
Let l(t) be the third derivative of 17*t**4/24 + 3*t**3 - 4*t**2. Let h(p) = 1. Let j(y) = -3*h(y) - l(y). What is the tens digit of j(-6)?
8
Suppose 3*h + 4*a - 38 = h, 12 = -3*a. Let q(p) = -p**3 + p**2 + 0 - h*p + 32*p + 1. What is the units digit of q(-4)?
1
Suppose 0 = 4*a - 8, 2*q + 2*a - 730 = 29376. What is the hundreds digit of q?
0
Let s(j) = -7712*j + 2349. What is the units digit of s(-4)?
7
Let t = -7527 + 20806. What is the ten thousands digit of t?
1
Let k(s) = -s**3 - 8*s + 491. Let y be k(0). Let t = 1087 - y. What is the tens digit of t?
9
Let k = -12888 - -18968. Suppose 23*n = 13*n + k. What is the tens digit of n?
0
Suppose 6*b - 58 = -46. Suppose -2*i + h + b*h + 360 = 0, -5*h + 578 = 3*i. What is the tens digit of i?
8
Suppose 13*s - 286736 - 78720 = 0. What is the hundreds digit of s?
1
Suppose 19*c + 20*c - 301007 = 5416. What is the tens digit of c?
5
Let w = -13707 - -31200. Suppose 0 = 7*s - w + 4074. What is the units digit of s?
7
Let y = -3028 + 4626. What is the tens digit of y?
9
Suppose 0 = -13*a - 74 - 316. Let u(n) = -9*n